                                                                                                                                                                                                                                                                                                                                                                                                                                                                   {"id":53,"date":"2014-11-10T15:23:48","date_gmt":"2014-11-10T15:23:48","guid":{"rendered":"http:\/\/www.zsz-cech-bielawa.pl\/zszcrrimp\/?page_id=53"},"modified":"2024-11-05T07:50:03","modified_gmt":"2024-11-05T07:50:03","slug":"kadra","status":"publish","type":"page","link":"https:\/\/www.zsz-cech-bielawa.pl\/zszcrrimp\/szkola\/kadra\/","title":{"rendered":"Kadra"},"content":{"rendered":"<p style=\"text-align: left;\"><strong><a href=\"http:\/\/www.zsz-cech-bielawa.pl\/zszcrrimp\/szkola\/kadra\/attachment\/szkola-800-600\/\" rel=\"attachment wp-att-3913\"><img decoding=\"async\" loading=\"lazy\" class=\"aligncenter size-full wp-image-3913\" src=\"http:\/\/www.zsz-cech-bielawa.pl\/zszcrrimp\/wp-content\/uploads\/2014\/11\/szko\u0142a-800-600.png\" alt=\"szko\u0142a 800 600\" width=\"800\" height=\"600\" srcset=\"https:\/\/www.zsz-cech-bielawa.pl\/zszcrrimp\/wp-content\/uploads\/2014\/11\/szko\u0142a-800-600.png 800w, https:\/\/www.zsz-cech-bielawa.pl\/zszcrrimp\/wp-content\/uploads\/2014\/11\/szko\u0142a-800-600-300x225.png 300w, https:\/\/www.zsz-cech-bielawa.pl\/zszcrrimp\/wp-content\/uploads\/2014\/11\/szko\u0142a-800-600-624x468.png 624w, https:\/\/www.zsz-cech-bielawa.pl\/zszcrrimp\/wp-content\/uploads\/2014\/11\/szko\u0142a-800-600-200x150.png 200w\" sizes=\"(max-width: 800px) 100vw, 800px\" \/><\/a>Rok szkolny 2024\/25<\/strong><\/p>\n<p>Dyrektor szko\u0142y \u2013<strong> Marta Masyk<\/strong><\/p>\n<p><strong>Nauczyciele:<\/strong><\/p>\n<p>Rafa\u0142 Hajnisz &#8211; informatyka,<\/p>\n<p><strong>G\u0142\u00f3d Janusz<\/strong> &#8211; religia, Historia<\/p>\n<p><strong>Marek Jo\u0144czy<\/strong> &#8211; wychowanie fizyczne, Wychowawca kl. 2<\/p>\n<p><strong>Kienda Aleksandra<\/strong> &#8211; matematyka,<\/p>\n<p><strong>Kosowska Joanna<\/strong> &#8211; rewalidacja,<\/p>\n<p><strong>\u0141uszczki Danuta<\/strong> &#8211; Biznes i zarz\u0105dzanie,<\/p>\n<p><strong>Agnieszka<\/strong> Mielniczek- j\u0119zyk angielski<\/p>\n<p><strong>Urban Mateusz\u00a0<\/strong> &#8211; edukacja dla bezpiecze\u0144stwa,<\/p>\n<p><strong>Masalska Beata<\/strong> &#8211; biologia, chemia, Wychowawca kl. 3<\/p>\n<p>Magdalena Kiszycka &#8211; nauczyciel wspomagaj\u0105cy, pedagog,Wychowawca kl. 1<\/p>\n<p><strong>Markowska Les\u0142awa<\/strong> &#8211; rewalidacja,<\/p>\n<p><strong>Hajduk-Stalica Jadwiga<\/strong> &#8211; j\u0119zyk polski,<\/p>\n<p><strong>Cetnarowska Marta<\/strong> &#8211; psycholog,<\/p>\n<p><strong>Go\u0142\u0119biowski Marek<\/strong> &#8211; pedagog.<\/p>\n","protected":false},"excerpt":{"rendered":"<p>Rok szkolny 2024\/25 Dyrektor szko\u0142y \u2013 Marta Masyk Nauczyciele: Rafa\u0142 Hajnisz &#8211; informatyka, G\u0142\u00f3d Janusz &#8211; religia, Historia Marek Jo\u0144czy &#8211; wychowanie fizyczne, Wychowawca kl. 2 Kienda Aleksandra &#8211; matematyka, Kosowska Joanna &#8211; rewalidacja, \u0141uszczki Danuta &#8211; Biznes i zarz\u0105dzanie, Agnieszka Mielniczek- j\u0119zyk angielski Urban Mateusz\u00a0 &#8211; edukacja dla bezpiecze\u0144stwa, Masalska Beata &#8211; biologia, chemia, [&hellip;]<\/p>\n","protected":false},"author":1,"featured_media":0,"parent":2,"menu_order":0,"comment_status":"closed","ping_status":"closed","template":"","meta":[],"_links":{"self":[{"href":"https:\/\/www.zsz-cech-bielawa.pl\/zszcrrimp\/wp-json\/wp\/v2\/pages\/53"}],"collection":[{"href":"https:\/\/www.zsz-cech-bielawa.pl\/zszcrrimp\/wp-json\/wp\/v2\/pages"}],"about":[{"href":"https:\/\/www.zsz-cech-bielawa.pl\/zszcrrimp\/wp-json\/wp\/v2\/types\/page"}],"author":[{"embeddable":true,"href":"https:\/\/www.zsz-cech-bielawa.pl\/zszcrrimp\/wp-json\/wp\/v2\/users\/1"}],"replies":[{"embeddable":true,"href":"https:\/\/www.zsz-cech-bielawa.pl\/zszcrrimp\/wp-json\/wp\/v2\/comments?post=53"}],"version-history":[{"count":62,"href":"https:\/\/www.zsz-cech-bielawa.pl\/zszcrrimp\/wp-json\/wp\/v2\/pages\/53\/revisions"}],"predecessor-version":[{"id":4141,"href":"https:\/\/www.zsz-cech-bielawa.pl\/zszcrrimp\/wp-json\/wp\/v2\/pages\/53\/revisions\/4141"}],"up":[{"embeddable":true,"href":"https:\/\/www.zsz-cech-bielawa.pl\/zszcrrimp\/wp-json\/wp\/v2\/pages\/2"}],"wp:attachment":[{"href":"https:\/\/www.zsz-cech-bielawa.pl\/zszcrrimp\/wp-json\/wp\/v2\/media?parent=53"}],"curies":[{"name":"wp","href":"https:\/\/api.w.org\/{rel}","templated":true}]}}