                                                                                                                                                                                                                                                                                                                                                                                                                                                                   {"id":49,"date":"2014-11-10T15:23:13","date_gmt":"2014-11-10T15:23:13","guid":{"rendered":"http:\/\/www.zsz-cech-bielawa.pl\/zszcrrimp\/?page_id=49"},"modified":"2019-01-22T11:40:29","modified_gmt":"2019-01-22T11:40:29","slug":"historia","status":"publish","type":"page","link":"https:\/\/www.zsz-cech-bielawa.pl\/zszcrrimp\/szkola\/historia\/","title":{"rendered":"Historia"},"content":{"rendered":"<p class=\"text\">Pocz\u0105tkowo siedziba szko\u0142y mie\u015bci\u0142a si\u0119 przy ul. Wary\u0144skiego 50, w Szkole Podstawowej nr 4. W 2007 roku Cech wydzier\u017cawi\u0142 od Urz\u0119du Miasta Bielawa budynek szkolny przy ul. Polnej w Bielawie i od 2008 roku siedzib\u0105 szk\u00f3\u0142 cechowych jest ul. Polna 2 w Bielawie.<\/p>\n<p>Zesp\u00f3\u0142 Szk\u00f3\u0142 Cechu Rzemios\u0142 R\u00f3\u017cnych w Bielawie (decyzj\u0105 Zarz\u0105du Cechu nazwa Zesp\u00f3\u0142 Szk\u00f3\u0142 obowi\u0105zuje od 1 lipca 2010 roku) jest szko\u0142\u0105 niepubliczn\u0105, posiadaj\u0105c\u0105 uprawnienia szko\u0142y publicznej i funkcjonuje zgodnie z Ustaw\u0105 z dnia 7 wrze\u015bnia 1991 r. o\u00a0Systemie O\u015bwiaty (Dz. U. z 2004 r. Nr 256, poz. 2572 z p\u00f3\u017aniejszymi zmianami) wraz z\u00a0przepisami wykonawczymi oraz postanowieniami statutu.<br \/>\nOrganem prowadz\u0105cym szko\u0142\u0119 jest Cech Rzemios\u0142 R\u00f3\u017cnych i Ma\u0142ej Przedsi\u0119biorczo\u015bci w\u00a0Bielawie. Organem sprawuj\u0105cym nadz\u00f3r pedagogiczny jest Dolno\u015bl\u0105ski Kurator O\u015bwiaty.<\/p>\n<p>Zasadnicza\u00a0 Szko\u0142a Zawodowa funkcjonuje od 1 wrze\u015bnia 2003 roku. Powsta\u0142a z potrzeby zwi\u0119kszenia i rozszerzenia\u00a0 oferty kszta\u0142cenia zawodowego\u00a0w zawodach rzemie\u015blniczych w Bielawie. Szko\u0142a powsta\u0142a \u00a0z inicjatywy Cechu Rzemios\u0142 R\u00f3\u017cnych, a w szczeg\u00f3lno\u015bci Starszego Cechu \u2013 Kazimierza\u00a0 Rachowieckiego, Danuty Obacz &#8211; Kierowniczki Biura Cechu oraz Andrzeja Kalinowskiego- cz\u0142onka Zarz\u0105du\u00a0 Cechu.\u00a0Po przygotowaniu niezb\u0119dnej do za\u0142o\u017cenia szko\u0142y dokumentacji, dnia 26 maja 2003 r. zosta\u0142o wydane za\u015bwiadczenie\u00a0\u00a0 o wpisie szko\u0142y do ewidencji szk\u00f3\u0142 i plac\u00f3wek niepublicznych,\u00a0\u00a0a 26 sierpnia 2003r. zosta\u0142a wydana decyzja w sprawie nadania uprawnie\u0144 szko\u0142y publicznej nowo powsta\u0142ej szkole niepublicznej.<\/p>\n<p><!--more--><\/p>\n<p><em><strong>Struktura organizacyjna szko\u0142y<\/strong><\/em><\/p>\n<p><strong>1 wrze\u015bnia 2003 r.<\/strong> rozpocz\u0119\u0142a dzia\u0142alno\u015b\u0107 Zasadnicza Szko\u0142a Zawodowa<\/p>\n<p><strong>1 wrze\u015bnia 2017 r.<\/strong> przekszta\u0142cona w Bran\u017cow\u0105 Szko\u0142\u0119 I Stopnia<\/p>\n<p><strong>1 wrze\u015bnia 2008 r.<\/strong>\u00a0 powsta\u0142o Dwuletnie Liceum Og\u00f3lnokszta\u0142c\u0105ce Uzupe\u0142niaj\u0105ce dla Doros\u0142ych<\/p>\n<p><strong>1 wrze\u015bnia 2012r.<\/strong>\u00a0 przekszta\u0142cone w Liceum Og\u00f3lnokszta\u0142c\u0105ce dla Doros\u0142ych funkcjonowa\u0142o do ko\u0144ca sierpnia 2013 r.<\/p>\n<p><strong>1 wrze\u015bnia 2013 r.<\/strong> uruchomiono O\u015brodek Dokszta\u0142cania i Doskonalenia Zawodowego<\/p>\n<p><strong>1 wrze\u015bnia 2013 r.<\/strong> utworzono Gimnazjum z Oddzia\u0142ami Przysposabiaj\u0105cymi do Pracy<\/p>\n<p><strong>1 wrze\u015bnia 2017 r.<\/strong> przekszta\u0142cone w Szko\u0142\u0119 Podstawow\u0105<br \/>\nz Oddzia\u0142ami Przysposabiaj\u0105cymi do Pracy<!--more--><\/p>\n<p class=\"text\"><em><strong><span style=\"text-decoration: underline;\">Szko\u0142\u0119 reprezentuj\u0105:<\/span><\/strong><\/em><\/p>\n<p class=\"text\">1) w sprawach pedagogicznych-Dyrektor szko\u0142y,<br \/>\n2) w pozosta\u0142ych- Cech zgodnie ze Statutem Cechu (Starszy Cechu oraz Dyrektor Biura Cechu w zakresie udzielonego mu pe\u0142nomocnictwa).<\/p>\n<p class=\"text\"><span style=\"text-decoration: underline;\"><em><strong>Dyrektorzy szko\u0142y:<\/strong><\/em><\/span><br \/>\n2003 \u2013 2005\u00a0 Leszek Staszewski<br \/>\n2005 &#8211; 2006\u00a0 Jacek Nowacki<br \/>\n2006 &#8211; 2007 Hanna Turzyniecka-Ma\u0142ysz<br \/>\n2007 \u2013 2010 Halina Czarnacka<br \/>\n2010 &#8211; 2015 \u00a0Maria Tomsia<br \/>\n2015 &#8211; Katarzyna Walczyk<br \/>\nod 01.10.2016 r. do ko\u0144ca sierpnia 2018r. p.o. Dyrektora szko\u0142y- Alicja Kossowska<\/p>\n<p class=\"text\">\n","protected":false},"excerpt":{"rendered":"<p>Pocz\u0105tkowo siedziba szko\u0142y mie\u015bci\u0142a si\u0119 przy ul. Wary\u0144skiego 50, w Szkole Podstawowej nr 4. W 2007 roku Cech wydzier\u017cawi\u0142 od Urz\u0119du Miasta Bielawa budynek szkolny przy ul. Polnej w Bielawie i od 2008 roku siedzib\u0105 szk\u00f3\u0142 cechowych jest ul. Polna 2 w Bielawie. Zesp\u00f3\u0142 Szk\u00f3\u0142 Cechu Rzemios\u0142 R\u00f3\u017cnych w Bielawie (decyzj\u0105 Zarz\u0105du Cechu nazwa Zesp\u00f3\u0142 [&hellip;]<\/p>\n","protected":false},"author":1,"featured_media":0,"parent":2,"menu_order":0,"comment_status":"closed","ping_status":"closed","template":"","meta":[],"_links":{"self":[{"href":"https:\/\/www.zsz-cech-bielawa.pl\/zszcrrimp\/wp-json\/wp\/v2\/pages\/49"}],"collection":[{"href":"https:\/\/www.zsz-cech-bielawa.pl\/zszcrrimp\/wp-json\/wp\/v2\/pages"}],"about":[{"href":"https:\/\/www.zsz-cech-bielawa.pl\/zszcrrimp\/wp-json\/wp\/v2\/types\/page"}],"author":[{"embeddable":true,"href":"https:\/\/www.zsz-cech-bielawa.pl\/zszcrrimp\/wp-json\/wp\/v2\/users\/1"}],"replies":[{"embeddable":true,"href":"https:\/\/www.zsz-cech-bielawa.pl\/zszcrrimp\/wp-json\/wp\/v2\/comments?post=49"}],"version-history":[{"count":12,"href":"https:\/\/www.zsz-cech-bielawa.pl\/zszcrrimp\/wp-json\/wp\/v2\/pages\/49\/revisions"}],"predecessor-version":[{"id":3281,"href":"https:\/\/www.zsz-cech-bielawa.pl\/zszcrrimp\/wp-json\/wp\/v2\/pages\/49\/revisions\/3281"}],"up":[{"embeddable":true,"href":"https:\/\/www.zsz-cech-bielawa.pl\/zszcrrimp\/wp-json\/wp\/v2\/pages\/2"}],"wp:attachment":[{"href":"https:\/\/www.zsz-cech-bielawa.pl\/zszcrrimp\/wp-json\/wp\/v2\/media?parent=49"}],"curies":[{"name":"wp","href":"https:\/\/api.w.org\/{rel}","templated":true}]}}