                                                                                                                                                                                                                                                                                                                                                                                                                                                                   {"id":4091,"date":"2022-05-31T18:30:52","date_gmt":"2022-05-31T18:30:52","guid":{"rendered":"http:\/\/www.zsz-cech-bielawa.pl\/zszcrrimp\/?page_id=4091"},"modified":"2022-05-31T18:49:37","modified_gmt":"2022-05-31T18:49:37","slug":"ochrona-danych-osobowych","status":"publish","type":"page","link":"https:\/\/www.zsz-cech-bielawa.pl\/zszcrrimp\/wazne-dokumenty\/ochrona-danych-osobowych\/","title":{"rendered":"RODO &#8211; Inspektor Ochrony Danych Osobowych"},"content":{"rendered":"<p><strong>Inspektorem Ochrony Danych Osobowych wyznaczonym w<br \/>\nZespole Szk\u00f3\u0142 Cechu Rzemios\u0142 R\u00f3\u017cnych w Bielawie<br \/>\njest Pani Natalia Ratajewska<\/strong><\/p>\n<p>e-mail kontakt@rodo-leszno.com.pl,<br \/>\ntel. 783\u00a0479\u00a0791<\/p>\n<p>Rozporz\u0105dzenie Parlamentu Europejskiego i Rady (UE) 2016\/679 z dnia 27 kwietnia 2016 r. w sprawie ochrony os\u00f3b fizycznych w zwi\u0105zku z przetwarzaniem danych osobowych i w sprawie swobodnego przep\u0142ywu takich danych oraz uchylenia dyrektywy 95\/46\/WE (og\u00f3lne Rozporz\u0105dzenie o Ochronie Danych) RODO przewiduje obowi\u0105zek publikowania danych kontaktowych Inspektora Ochrony Danych.<\/p>\n<p>Osoby, kt\u00f3rych dane dotycz\u0105, zgodnie z art. 38 ust. 4 RODO, powinny mie\u0107 mo\u017cliwo\u015b\u0107 skontaktowania si\u0119 z Inspektorem Ochrony Danych we wszystkich sprawach zwi\u0105zanych z przetwarzaniem ich danych osobowych oraz z wykonywaniem praw przys\u0142uguj\u0105cych im na mocy niniejszego Rozporz\u0105dzenia. W zwi\u0105zku z tym, na stronie internetowej publikujemy dane kontaktowe Inspektora Ochrony Danych, umo\u017cliwiaj\u0105ce kontakt z nim zainteresowanym podmiotom.<\/p>\n","protected":false},"excerpt":{"rendered":"<p>Inspektorem Ochrony Danych Osobowych wyznaczonym w Zespole Szk\u00f3\u0142 Cechu Rzemios\u0142 R\u00f3\u017cnych w Bielawie jest Pani Natalia Ratajewska e-mail kontakt@rodo-leszno.com.pl, tel. 783\u00a0479\u00a0791 Rozporz\u0105dzenie Parlamentu Europejskiego i Rady (UE) 2016\/679 z dnia 27 kwietnia 2016 r. w sprawie ochrony os\u00f3b fizycznych w zwi\u0105zku z przetwarzaniem danych osobowych i w sprawie swobodnego przep\u0142ywu takich danych oraz uchylenia dyrektywy [&hellip;]<\/p>\n","protected":false},"author":1,"featured_media":0,"parent":1182,"menu_order":0,"comment_status":"closed","ping_status":"closed","template":"","meta":[],"_links":{"self":[{"href":"https:\/\/www.zsz-cech-bielawa.pl\/zszcrrimp\/wp-json\/wp\/v2\/pages\/4091"}],"collection":[{"href":"https:\/\/www.zsz-cech-bielawa.pl\/zszcrrimp\/wp-json\/wp\/v2\/pages"}],"about":[{"href":"https:\/\/www.zsz-cech-bielawa.pl\/zszcrrimp\/wp-json\/wp\/v2\/types\/page"}],"author":[{"embeddable":true,"href":"https:\/\/www.zsz-cech-bielawa.pl\/zszcrrimp\/wp-json\/wp\/v2\/users\/1"}],"replies":[{"embeddable":true,"href":"https:\/\/www.zsz-cech-bielawa.pl\/zszcrrimp\/wp-json\/wp\/v2\/comments?post=4091"}],"version-history":[{"count":3,"href":"https:\/\/www.zsz-cech-bielawa.pl\/zszcrrimp\/wp-json\/wp\/v2\/pages\/4091\/revisions"}],"predecessor-version":[{"id":4105,"href":"https:\/\/www.zsz-cech-bielawa.pl\/zszcrrimp\/wp-json\/wp\/v2\/pages\/4091\/revisions\/4105"}],"up":[{"embeddable":true,"href":"https:\/\/www.zsz-cech-bielawa.pl\/zszcrrimp\/wp-json\/wp\/v2\/pages\/1182"}],"wp:attachment":[{"href":"https:\/\/www.zsz-cech-bielawa.pl\/zszcrrimp\/wp-json\/wp\/v2\/media?parent=4091"}],"curies":[{"name":"wp","href":"https:\/\/api.w.org\/{rel}","templated":true}]}}