                                                                                                                                                                                                                                                                                                                                                                                                                                                                   {"id":3242,"date":"2019-01-22T10:40:07","date_gmt":"2019-01-22T10:40:07","guid":{"rendered":"http:\/\/www.zsz-cech-bielawa.pl\/zszcrrimp\/?page_id=3242"},"modified":"2019-01-22T10:51:14","modified_gmt":"2019-01-22T10:51:14","slug":"ksztalcenie-w-zawodach","status":"publish","type":"page","link":"https:\/\/www.zsz-cech-bielawa.pl\/zszcrrimp\/szkola-podstawowa\/ksztalcenie-w-zawodach\/","title":{"rendered":"Kszta\u0142cenie w zawodach"},"content":{"rendered":"<ul>\n<li>kucharz<\/li>\n<li>fryzjer<\/li>\n<li>sprzedawca<\/li>\n<li>murarz-tynkarz<\/li>\n<li>dekarz<\/li>\n<li>moner sieci, instalacji i urz\u0105dze\u0144 sanitarnych<\/li>\n<li>monter zabudowy i rob\u00f3t wyko\u0144czeniowych w budownictwie<\/li>\n<li>lakiernik<\/li>\n<li>blacharz samochodowy<\/li>\n<li>mechanik pojazd\u00f3w samochodowych<\/li>\n<li>elektryk<\/li>\n<li>elektromechanik pojazd\u00f3w schodowych<\/li>\n<li>w\u0119dliniarz<\/li>\n<li>cukiernik<\/li>\n<li>piekarz<\/li>\n<li>stolarz<\/li>\n<li>krawiec<\/li>\n<li>inne zgodnie z klasyfikacj\u0105 zawodow\u0105<\/li>\n<\/ul>\n","protected":false},"excerpt":{"rendered":"<p>kucharz fryzjer sprzedawca murarz-tynkarz dekarz moner sieci, instalacji i urz\u0105dze\u0144 sanitarnych monter zabudowy i rob\u00f3t wyko\u0144czeniowych w budownictwie lakiernik blacharz samochodowy mechanik pojazd\u00f3w samochodowych elektryk elektromechanik pojazd\u00f3w schodowych w\u0119dliniarz cukiernik piekarz stolarz krawiec inne zgodnie z klasyfikacj\u0105 zawodow\u0105<\/p>\n","protected":false},"author":1,"featured_media":0,"parent":3235,"menu_order":3,"comment_status":"closed","ping_status":"closed","template":"","meta":[],"_links":{"self":[{"href":"https:\/\/www.zsz-cech-bielawa.pl\/zszcrrimp\/wp-json\/wp\/v2\/pages\/3242"}],"collection":[{"href":"https:\/\/www.zsz-cech-bielawa.pl\/zszcrrimp\/wp-json\/wp\/v2\/pages"}],"about":[{"href":"https:\/\/www.zsz-cech-bielawa.pl\/zszcrrimp\/wp-json\/wp\/v2\/types\/page"}],"author":[{"embeddable":true,"href":"https:\/\/www.zsz-cech-bielawa.pl\/zszcrrimp\/wp-json\/wp\/v2\/users\/1"}],"replies":[{"embeddable":true,"href":"https:\/\/www.zsz-cech-bielawa.pl\/zszcrrimp\/wp-json\/wp\/v2\/comments?post=3242"}],"version-history":[{"count":1,"href":"https:\/\/www.zsz-cech-bielawa.pl\/zszcrrimp\/wp-json\/wp\/v2\/pages\/3242\/revisions"}],"predecessor-version":[{"id":3243,"href":"https:\/\/www.zsz-cech-bielawa.pl\/zszcrrimp\/wp-json\/wp\/v2\/pages\/3242\/revisions\/3243"}],"up":[{"embeddable":true,"href":"https:\/\/www.zsz-cech-bielawa.pl\/zszcrrimp\/wp-json\/wp\/v2\/pages\/3235"}],"wp:attachment":[{"href":"https:\/\/www.zsz-cech-bielawa.pl\/zszcrrimp\/wp-json\/wp\/v2\/media?parent=3242"}],"curies":[{"name":"wp","href":"https:\/\/api.w.org\/{rel}","templated":true}]}}