                                                                                                                                                                                                                                                                                                                                                                                                                                                                   {"id":2168,"date":"2017-11-22T09:44:26","date_gmt":"2017-11-22T09:44:26","guid":{"rendered":"http:\/\/www.zsz-cech-bielawa.pl\/zszcrrimp\/?page_id=2168"},"modified":"2017-11-22T11:07:23","modified_gmt":"2017-11-22T11:07:23","slug":"sekretariat","status":"publish","type":"page","link":"https:\/\/www.zsz-cech-bielawa.pl\/zszcrrimp\/sekretariat\/","title":{"rendered":"Sekretariat"},"content":{"rendered":"<p style=\"text-align: center;\">Sekretariat\u00a0O\u015brodka<\/p>\n<p style=\"text-align: center;\">\u00a0 pracuje od poniedzia\u0142ku do pi\u0105tku w godz.\u00a07.00 -15.00.<\/p>\n<p style=\"text-align: center;\">Podania, wnioski i pisma interesant\u00f3w za\u0142atwiane s\u0105 w formie pisemnej, fax-em, e-mail, telefonicznie.<\/p>\n<p class=\"text\" align=\"center\"><strong>tel\/fax 74\/833-21-16<\/strong><br \/>\n<strong>tel kom. 663-434-388<\/strong><br \/>\n<strong>e-mail: zszc.bielawa@wp.pl<\/strong><\/p>\n","protected":false},"excerpt":{"rendered":"<p>Sekretariat\u00a0O\u015brodka \u00a0 pracuje od poniedzia\u0142ku do pi\u0105tku w godz.\u00a07.00 -15.00. Podania, wnioski i pisma interesant\u00f3w za\u0142atwiane s\u0105 w formie pisemnej, fax-em, e-mail, telefonicznie. tel\/fax 74\/833-21-16 tel kom. 663-434-388 e-mail: zszc.bielawa@wp.pl<\/p>\n","protected":false},"author":1,"featured_media":0,"parent":0,"menu_order":0,"comment_status":"closed","ping_status":"closed","template":"","meta":[],"_links":{"self":[{"href":"https:\/\/www.zsz-cech-bielawa.pl\/zszcrrimp\/wp-json\/wp\/v2\/pages\/2168"}],"collection":[{"href":"https:\/\/www.zsz-cech-bielawa.pl\/zszcrrimp\/wp-json\/wp\/v2\/pages"}],"about":[{"href":"https:\/\/www.zsz-cech-bielawa.pl\/zszcrrimp\/wp-json\/wp\/v2\/types\/page"}],"author":[{"embeddable":true,"href":"https:\/\/www.zsz-cech-bielawa.pl\/zszcrrimp\/wp-json\/wp\/v2\/users\/1"}],"replies":[{"embeddable":true,"href":"https:\/\/www.zsz-cech-bielawa.pl\/zszcrrimp\/wp-json\/wp\/v2\/comments?post=2168"}],"version-history":[{"count":2,"href":"https:\/\/www.zsz-cech-bielawa.pl\/zszcrrimp\/wp-json\/wp\/v2\/pages\/2168\/revisions"}],"predecessor-version":[{"id":2176,"href":"https:\/\/www.zsz-cech-bielawa.pl\/zszcrrimp\/wp-json\/wp\/v2\/pages\/2168\/revisions\/2176"}],"wp:attachment":[{"href":"https:\/\/www.zsz-cech-bielawa.pl\/zszcrrimp\/wp-json\/wp\/v2\/media?parent=2168"}],"curies":[{"name":"wp","href":"https:\/\/api.w.org\/{rel}","templated":true}]}}