                                                                                                                                                                                                                                                                                                                                                                                                                                                                   {"id":2157,"date":"2017-11-22T09:21:58","date_gmt":"2017-11-22T09:21:58","guid":{"rendered":"http:\/\/www.zsz-cech-bielawa.pl\/zszcrrimp\/?page_id=2157"},"modified":"2024-11-05T07:58:48","modified_gmt":"2024-11-05T07:58:48","slug":"terminarz-kursow-20172018","status":"publish","type":"page","link":"https:\/\/www.zsz-cech-bielawa.pl\/zszcrrimp\/terminarz-kursow-20172018\/","title":{"rendered":"Terminarz kurs\u00f3w 2024\/2025"},"content":{"rendered":"<p style=\"text-align: center;\"><span style=\"text-decoration: underline;\"><strong>Terminarz kurs\u00f3w w Centrum Kszta\u0142cenia Zawodowego Cechu Rzemios\u0142 R\u00f3\u017cnych i Ma\u0142ej Przedsi\u0119biorczo\u015bci w Bielawie<\/strong><\/span><\/p>\n<p style=\"text-align: center;\"><span style=\"text-decoration: underline;\"><strong>Cechu Rzemios\u0142 R\u00f3\u017cnych i Ma\u0142ej Przedsi\u0119biorczo\u015bci w Bielawie w roku szkolnym 2024\/2025<\/strong><\/span><\/p>\n<table style=\"height: 255px; width: 100%;\" width=\"667\">\n<tbody>\n<tr style=\"height: 23px;\">\n<td style=\"height: 23px;\" width=\"142\">Zaw\u00f3d<\/td>\n<td style=\"height: 23px;\" width=\"139\">Kurs III stopnia<\/td>\n<td style=\"height: 23px;\" width=\"142\">Kurs II stopnia<\/td>\n<td style=\"height: 23px;\" width=\"151\">Kurs I stopnia<\/td>\n<\/tr>\n<tr style=\"height: 116px;\">\n<td style=\"height: 116px;\" width=\"142\">Mechanik pojazd\u00f3w samochodowych<\/td>\n<td style=\"height: 116px;\" width=\"139\">14.10-12.11.2024<\/td>\n<td style=\"height: 116px;\" width=\"142\">09.09.-04.10.2024<\/td>\n<td style=\"height: 116px;\" width=\"151\">\u00a003.03.-28.03.2025<\/td>\n<\/tr>\n<tr style=\"height: 116px;\">\n<td style=\"height: 116px;\" width=\"142\">Fryzjer<\/td>\n<td style=\"height: 116px;\" width=\"139\">\u00a0 14.10-12.11.2024<\/td>\n<td style=\"height: 116px;\" width=\"142\">09.09.-04.10.2024<\/td>\n<td style=\"height: 116px;\" width=\"151\">03.03.-28.03.2025<\/td>\n<\/tr>\n<\/tbody>\n<\/table>\n","protected":false},"excerpt":{"rendered":"<p>Terminarz kurs\u00f3w w Centrum Kszta\u0142cenia Zawodowego Cechu Rzemios\u0142 R\u00f3\u017cnych i Ma\u0142ej Przedsi\u0119biorczo\u015bci w Bielawie Cechu Rzemios\u0142 R\u00f3\u017cnych i Ma\u0142ej Przedsi\u0119biorczo\u015bci w Bielawie w roku szkolnym 2024\/2025 Zaw\u00f3d Kurs III stopnia Kurs II stopnia Kurs I stopnia Mechanik pojazd\u00f3w samochodowych 14.10-12.11.2024 09.09.-04.10.2024 \u00a003.03.-28.03.2025 Fryzjer \u00a0 14.10-12.11.2024 09.09.-04.10.2024 03.03.-28.03.2025<\/p>\n","protected":false},"author":1,"featured_media":0,"parent":0,"menu_order":0,"comment_status":"closed","ping_status":"closed","template":"","meta":[],"_links":{"self":[{"href":"https:\/\/www.zsz-cech-bielawa.pl\/zszcrrimp\/wp-json\/wp\/v2\/pages\/2157"}],"collection":[{"href":"https:\/\/www.zsz-cech-bielawa.pl\/zszcrrimp\/wp-json\/wp\/v2\/pages"}],"about":[{"href":"https:\/\/www.zsz-cech-bielawa.pl\/zszcrrimp\/wp-json\/wp\/v2\/types\/page"}],"author":[{"embeddable":true,"href":"https:\/\/www.zsz-cech-bielawa.pl\/zszcrrimp\/wp-json\/wp\/v2\/users\/1"}],"replies":[{"embeddable":true,"href":"https:\/\/www.zsz-cech-bielawa.pl\/zszcrrimp\/wp-json\/wp\/v2\/comments?post=2157"}],"version-history":[{"count":14,"href":"https:\/\/www.zsz-cech-bielawa.pl\/zszcrrimp\/wp-json\/wp\/v2\/pages\/2157\/revisions"}],"predecessor-version":[{"id":4144,"href":"https:\/\/www.zsz-cech-bielawa.pl\/zszcrrimp\/wp-json\/wp\/v2\/pages\/2157\/revisions\/4144"}],"wp:attachment":[{"href":"https:\/\/www.zsz-cech-bielawa.pl\/zszcrrimp\/wp-json\/wp\/v2\/media?parent=2157"}],"curies":[{"name":"wp","href":"https:\/\/api.w.org\/{rel}","templated":true}]}}