                                                                                                                                                                                                                                                                                                                                                                                                                                                                   {"id":1144,"date":"2016-10-06T06:35:11","date_gmt":"2016-10-06T06:35:11","guid":{"rendered":"http:\/\/www.zsz-cech-bielawa.pl\/zszcrrimp\/?page_id=1144"},"modified":"2021-05-11T11:20:53","modified_gmt":"2021-05-11T11:20:53","slug":"rekrutacja","status":"publish","type":"page","link":"https:\/\/www.zsz-cech-bielawa.pl\/zszcrrimp\/szkola\/rekrutacja\/","title":{"rendered":"Rekrutacja 2021\/2022"},"content":{"rendered":"<p align=\"CENTER\"><span style=\"color: #000000;\"><span style=\"font-family: Verdana, serif;\"><b>Warunki rekrutacji na rok szkolny 2020\/2021 dla kandydat\u00f3w<br \/>\ndo Bran\u017cowej Szko\u0142y I Stopnia Cechu Rzemios\u0142 R\u00f3\u017cnych i Ma\u0142ej Przedsi\u0119biorczo\u015bci w Bielawie<\/b><\/span><\/span><\/p>\n<p style=\"text-align: left;\" align=\"CENTER\"><strong><em>Podstawa prawna:<\/em><\/strong><\/p>\n<ol>\n<li>Ustawa z dnia 14 grudnia 2016 r. Prawo o\u015bwiatowe \u2013 ( Dz. U. z 2020 r. poz. 910, 1378, z 2021 r. poz. 4)<\/li>\n<\/ol>\n<p>&nbsp;<\/p>\n<ol start=\"2\">\n<li>Rozporz\u0105dzenie Ministra Edukacji Narodowej z dnia 21 sierpnia 2019r. w sprawie przeprowadzania post\u0119powania rekrutacyjnego oraz post\u0119powania uzupe\u0142niaj\u0105cego do publicznych przedszkoli, szk\u00f3\u0142, plac\u00f3wek i centr\u00f3w ( Dz. U. 2019 poz.1737)<\/li>\n<\/ol>\n<p>&nbsp;<\/p>\n<ol start=\"3\">\n<li>Rozporz\u0105dzenie Ministra Edukacji Narodowej z dnia 20 marca 2020 r., w sprawie szczeg\u00f3lnych rozwi\u0105za\u0144 w okresie czasowego ograniczenia funkcjonowania jednostek systemu o\u015bwiaty w zwi\u0105zku z zapobieganiem, przeciwdzia\u0142aniem i zwalczaniem COVID-19 (Dz. U. poz. 493 ze zm. \u00a711baa ust. 2).<\/li>\n<\/ol>\n<p>&nbsp;<\/p>\n<ol start=\"4\">\n<li>Zarz\u0105dzenie Nr 3\/2021 Dolno\u015bl\u0105skiego Kuratora O\u015bwiaty z 29 stycznia 2021 w sprawie termin\u00f3w post\u0119powania rekrutacyjnego i post\u0119powania uzupe\u0142niaj\u0105cego na rok szkolny 2021\/22.<\/li>\n<\/ol>\n<p>&nbsp;<\/p>\n<ol start=\"5\">\n<li>Zarz\u0105dzenie Nr 5\/2021 Dolno\u015bl\u0105skiego Kuratora O\u015bwiaty z dnia 26 lutego 2021 roku w sprawie wykazu zawod\u00f3w wiedzy, artystycznych i sportowych organizowanych przez kuratora o\u015bwiaty lub inne podmioty dzia\u0142aj\u0105ce w szkole, kt\u00f3re mog\u0105 by\u0107 wymienione na \u015bwiadectwie uko\u0144czenia szko\u0142y podstawowej, oraz miejsc uznawanych za wysokie w tych zawodach w roku szkolnym 2020\/21.<\/li>\n<\/ol>\n<p>&nbsp;<\/p>\n<p style=\"text-align: center;\">Rekrutacja do szk\u00f3\u0142 ponadpodstawowych prowadzonych przez Powiat Dzier\u017coniowski na rok 2021\/2022<\/p>\n<p style=\"text-align: center;\">odbywa si\u0119 za\u00a0pomoc\u0105 elektronicznego systemu wspomagania rekrutacji pod adresem:<\/p>\n<p style=\"text-align: center;\"><a href=\"https:\/\/dolnoslaskie.edu.com.pl\/\">https:\/\/dolnoslaskie.edu.com.pl<\/a><\/p>\n<p>&nbsp;<\/p>\n<p><span style=\"color: #000000;\"><span style=\"font-family: Verdana, serif;\"><span style=\"font-size: xx-small;\"><i><b>Dokumenty rekrutacyjne:<\/b><\/i><\/span><\/span><\/span><\/p>\n<p><span style=\"color: #000000;\"><span style=\"font-family: Verdana, serif;\"><span style=\"font-size: xx-small;\">Kandydat zobowi\u0105zany jest w ustalonym terminie z\u0142o\u017cy\u0107:<\/span><\/span><\/span><\/p>\n<ul>\n<li><span style=\"color: #000000;\"><span style=\"font-family: Verdana, serif;\"><span style=\"font-size: xx-small;\">Wniosek o przyj\u0119cie do szko\u0142y (wydruk z systemu lub podpis elektroniczny bez wydruku),<\/span><\/span><\/span><\/li>\n<li><span style=\"color: #000000;\"><span style=\"font-family: Verdana, serif;\"><span style=\"font-size: xx-small;\">3 zdj\u0119cia<\/span><\/span><\/span><\/li>\n<li><span style=\"color: #000000;\"><span style=\"font-family: Verdana, serif;\"><span style=\"font-size: xx-small;\">\u015awiadectwo uko\u0144czenia szko\u0142y<\/span><\/span><\/span><\/li>\n<li><span style=\"color: #000000;\"><span style=\"font-family: Verdana, serif;\"><span style=\"font-size: xx-small;\">Za\u015bwiadczenie o wyniku egzaminu \u00f3smoklasisty<\/span><\/span><\/span><\/li>\n<li><span style=\"font-family: Verdana, serif;\"><span style=\"font-size: xx-small;\">Za\u015bwiadczenie lekarskie o braku przeciwwskaza\u0144 zdrowotnych do\u00a0kszta\u0142cenia w okre\u015blonym zawodzie (skierowanie do pobrania w szkole)<\/span><\/span><\/li>\n<li><span style=\"font-family: Verdana, serif;\"><span style=\"font-size: xx-small;\">O\u015bwiadczenie pracodawcy o zatrudnieniu m\u0142odocianego (druk do pobrania w Cechu Rzemios\u0142 R\u00f3\u017cnych i Malej Przedsi\u0119biorczo\u015bci w Bielawie)<\/span><\/span><\/li>\n<\/ul>\n<p>&nbsp;<\/p>\n<p>&nbsp;<\/p>\n\n\t\t<style type=\"text\/css\">\n\t\t\t#gallery-1 {\n\t\t\t\tmargin: auto;\n\t\t\t}\n\t\t\t#gallery-1 .gallery-item {\n\t\t\t\tfloat: left;\n\t\t\t\tmargin-top: 10px;\n\t\t\t\ttext-align: center;\n\t\t\t\twidth: 33%;\n\t\t\t}\n\t\t\t#gallery-1 img {\n\t\t\t\tborder: 2px solid #cfcfcf;\n\t\t\t}\n\t\t\t#gallery-1 .gallery-caption {\n\t\t\t\tmargin-left: 0;\n\t\t\t}\n\t\t\t\/* see gallery_shortcode() in wp-includes\/media.php *\/\n\t\t<\/style>\n\t\t<div id='gallery-1' class='gallery galleryid-1144 gallery-columns-3 gallery-size-thumbnail'><dl class='gallery-item'>\n\t\t\t<dt class='gallery-icon portrait'>\n\t\t\t\t<a href='https:\/\/www.zsz-cech-bielawa.pl\/zszcrrimp\/wp-content\/uploads\/2020\/05\/0001-Kopiowanie.jpg'><img width=\"200\" height=\"200\" src=\"https:\/\/www.zsz-cech-bielawa.pl\/zszcrrimp\/wp-content\/uploads\/2020\/05\/0001-Kopiowanie-200x200.jpg\" class=\"attachment-thumbnail size-thumbnail\" alt=\"\" decoding=\"async\" loading=\"lazy\" srcset=\"https:\/\/www.zsz-cech-bielawa.pl\/zszcrrimp\/wp-content\/uploads\/2020\/05\/0001-Kopiowanie-200x200.jpg 200w, https:\/\/www.zsz-cech-bielawa.pl\/zszcrrimp\/wp-content\/uploads\/2020\/05\/0001-Kopiowanie-80x80.jpg 80w, https:\/\/www.zsz-cech-bielawa.pl\/zszcrrimp\/wp-content\/uploads\/2020\/05\/0001-Kopiowanie-350x350.jpg 350w\" sizes=\"(max-width: 200px) 100vw, 200px\" \/><\/a>\n\t\t\t<\/dt><\/dl><dl class='gallery-item'>\n\t\t\t<dt class='gallery-icon portrait'>\n\t\t\t\t<a href='https:\/\/www.zsz-cech-bielawa.pl\/zszcrrimp\/wp-content\/uploads\/2016\/10\/1.jpg'><img width=\"200\" height=\"200\" src=\"https:\/\/www.zsz-cech-bielawa.pl\/zszcrrimp\/wp-content\/uploads\/2016\/10\/1-200x200.jpg\" class=\"attachment-thumbnail size-thumbnail\" alt=\"\" decoding=\"async\" loading=\"lazy\" srcset=\"https:\/\/www.zsz-cech-bielawa.pl\/zszcrrimp\/wp-content\/uploads\/2016\/10\/1-200x200.jpg 200w, https:\/\/www.zsz-cech-bielawa.pl\/zszcrrimp\/wp-content\/uploads\/2016\/10\/1-80x80.jpg 80w, https:\/\/www.zsz-cech-bielawa.pl\/zszcrrimp\/wp-content\/uploads\/2016\/10\/1-350x350.jpg 350w\" sizes=\"(max-width: 200px) 100vw, 200px\" \/><\/a>\n\t\t\t<\/dt><\/dl><dl class='gallery-item'>\n\t\t\t<dt class='gallery-icon portrait'>\n\t\t\t\t<a href='https:\/\/www.zsz-cech-bielawa.pl\/zszcrrimp\/wp-content\/uploads\/2016\/10\/2.jpg'><img width=\"200\" height=\"200\" src=\"https:\/\/www.zsz-cech-bielawa.pl\/zszcrrimp\/wp-content\/uploads\/2016\/10\/2-200x200.jpg\" class=\"attachment-thumbnail size-thumbnail\" alt=\"\" decoding=\"async\" loading=\"lazy\" srcset=\"https:\/\/www.zsz-cech-bielawa.pl\/zszcrrimp\/wp-content\/uploads\/2016\/10\/2-200x200.jpg 200w, https:\/\/www.zsz-cech-bielawa.pl\/zszcrrimp\/wp-content\/uploads\/2016\/10\/2-80x80.jpg 80w, https:\/\/www.zsz-cech-bielawa.pl\/zszcrrimp\/wp-content\/uploads\/2016\/10\/2-350x350.jpg 350w\" sizes=\"(max-width: 200px) 100vw, 200px\" \/><\/a>\n\t\t\t<\/dt><\/dl><br style=\"clear: both\" \/>\n\t\t<\/div>\n\n<p><strong>\u00a0<\/strong><\/p>\n","protected":false},"excerpt":{"rendered":"<p>Warunki rekrutacji na rok szkolny 2020\/2021 dla kandydat\u00f3w do Bran\u017cowej Szko\u0142y I Stopnia Cechu Rzemios\u0142 R\u00f3\u017cnych i Ma\u0142ej Przedsi\u0119biorczo\u015bci w Bielawie Podstawa prawna: Ustawa z dnia 14 grudnia 2016 r. Prawo o\u015bwiatowe \u2013 ( Dz. U. z 2020 r. poz. 910, 1378, z 2021 r. poz. 4) &nbsp; Rozporz\u0105dzenie Ministra Edukacji Narodowej z dnia 21 [&hellip;]<\/p>\n","protected":false},"author":1,"featured_media":0,"parent":2,"menu_order":4,"comment_status":"closed","ping_status":"closed","template":"","meta":[],"_links":{"self":[{"href":"https:\/\/www.zsz-cech-bielawa.pl\/zszcrrimp\/wp-json\/wp\/v2\/pages\/1144"}],"collection":[{"href":"https:\/\/www.zsz-cech-bielawa.pl\/zszcrrimp\/wp-json\/wp\/v2\/pages"}],"about":[{"href":"https:\/\/www.zsz-cech-bielawa.pl\/zszcrrimp\/wp-json\/wp\/v2\/types\/page"}],"author":[{"embeddable":true,"href":"https:\/\/www.zsz-cech-bielawa.pl\/zszcrrimp\/wp-json\/wp\/v2\/users\/1"}],"replies":[{"embeddable":true,"href":"https:\/\/www.zsz-cech-bielawa.pl\/zszcrrimp\/wp-json\/wp\/v2\/comments?post=1144"}],"version-history":[{"count":17,"href":"https:\/\/www.zsz-cech-bielawa.pl\/zszcrrimp\/wp-json\/wp\/v2\/pages\/1144\/revisions"}],"predecessor-version":[{"id":1675,"href":"https:\/\/www.zsz-cech-bielawa.pl\/zszcrrimp\/wp-json\/wp\/v2\/pages\/1144\/revisions\/1675"}],"up":[{"embeddable":true,"href":"https:\/\/www.zsz-cech-bielawa.pl\/zszcrrimp\/wp-json\/wp\/v2\/pages\/2"}],"wp:attachment":[{"href":"https:\/\/www.zsz-cech-bielawa.pl\/zszcrrimp\/wp-json\/wp\/v2\/media?parent=1144"}],"curies":[{"name":"wp","href":"https:\/\/api.w.org\/{rel}","templated":true}]}}